number?
True
Is 14253689 a composite number?
False
Is 2460553 a prime number?
False
Is 55453963 composite?
False
Is 1157033 a prime number?
True
Is 225736763 composite?
True
Is 10457593 a prime number?
True
Is 9952591 a composite number?
True
Is 174763462 prime?
False
Is 124785061 prime?
True
Is 14002501 prime?
True
Is 421739 a composite number?
False
Is 69761 a prime number?
True
Is 1107883 a composite number?
True
Is 78077569 a composite number?
True
Is 9666373 composite?
False
Is 469298443 a composite number?
False
Is 157755341 a prime number?
True
Is 896263 a prime number?
True
Is 13828147 a prime number?
True
Is 69142466 a composite number?
True
Is 9444353 a prime number?
True
Is 820740449 composite?
False
Is 5110127 prime?
False
Is 10678099 prime?
True
Is 172637767 a prime number?
True
Is 26065399 prime?
False
Is 24652847 prime?
True
Is 131077113 prime?
False
Is 774577 a composite number?
False
Is 30011 a prime number?
True
Is 56189651 prime?
False
Is 17245 a composite number?
True
Is 7331839 a prime number?
True
Is 1323858281 composite?
False
Is 98923829 a composite number?
True
Is 1762393 a composite number?
True
Is 4740829 a composite number?
True
Is 582469 composite?
False
Is 681157 prime?
False
Is 506537 composite?
False
Is 32542333 a prime number?
False
Is 9212953 a composite number?
False
Is 1827061 a composite number?
True
Is 191063167 prime?
False
Is 29557097 a prime number?
True
Is 177108391 prime?
True
Is 3420442 composite?
True
Is 3245483 a composite number?
True
Is 7560493 a prime number?
True
Is 68224619 composite?
False
Is 428721277 prime?
False
Is 4776929 a composite number?
False
Is 651878 prime?
False
Is 18105041 a prime number?
True
Is 16910977 a composite number?
True
Is 4629115 a composite number?
True
Is 28111859 composite?
True
Is 9182729 composite?
True
Is 910198 a prime number?
False
Is 131953721 composite?
False
Is 1366555 a prime number?
False
Is 3063217 a prime number?
True
Is 95322559 composite?
False
Is 157515731 prime?
True
Is 495191 prime?
False
Is 1072051 composite?
True
Is 5430653 a composite number?
False
Is 16898435 a prime number?
False
Is 21242761 prime?
False
Is 1118461 prime?
False
Is 98790121 a prime number?
False
Is 325555535 prime?
False
Is 9411161 a prime number?
True
Is 2082097 composite?
False
Is 622669 composite?
False
Is 85189481 composite?
True
Is 27977981 a prime number?
True
Is 3440051 a composite number?
False
Is 2272523 composite?
True
Is 2974397 a prime number?
True
Is 176102719 prime?
False
Is 7258829 composite?
True
Is 10271851 prime?
False
Is 25332473 prime?
True
Is 7085321 a prime number?
False
Is 157322669 a prime number?
False
Is 7562497 a composite number?
False
Is 163729723 a composite number?
False
Is 6938851 composite?
False
Is 63949547 prime?
True
Is 505913 a prime number?
False
Is 5501 composite?
False
Is 5049361 composite?
True
Is 214516091 prime?
False
Is 1891129 composite?
True
Is 293467169 prime?
False
Is 3971453 a prime number?
False
Is 80635967 prime?
True
Is 1131617 a prime number?
True
Is 20027741 prime?
True
Is 6258103 a prime number?
False
Is 46799873 a composite number?
False
Is 3826157 a composite number?
False
Is 7651405 composite?
True
Is 8332873 a prime number?
False
Is 121139 a composite number?
False
Is 135762883 prime?
False
Is 279311 prime?
True
Is 3635551 a composite number?
False
Is 142657 composite?
False
Is 1959227 a prime number?
True
Is 316393615 a composite number?
True
Is 3088549 a composite number?
True
Is 183166063 prime?
True
Is 149770507 prime?
True
Is 9311041 prime?
True
Is 272376113 a composite number?
True
Is 149761 prime?
False
Is 21110489 a prime number?
True
Is 262673 prime?
False
Is 19977103 a composite number?
False
Is 108029319 prime?
False
Is 2579567 a composite number?
True
Is 22909723 a prime number?
True
Is 1771061 a prime number?
False
Is 124464341 prime?
True
Is 7842361 prime?
True
Is 853600369 prime?
True
Is 15385283 a composite number?
True
Is 66733133 composite?
True
Is 34287441 a prime number?
False
Is 35223115 a composite number?
True
Is 408379 composite?
False
Is 1748291 a composite number?
False
Is 49495237 composite?
True
Is 240023153 composite?
True
Is 2610047 a prime number?
False
Is 48477277 composite?
True
Is 110590581 a prime number?
False
Is 3812789 a prime number?
False
Is 91353959 a composite number?
False
Is 3501838 a prime number?
False
Is 29307913 prime?
False
Is 846553 a prime number?
False
Is 519095227 composite?
True
Is 2334989 a composite number?
False
Is 100309487 a composite number?
True
Is 634591 prime?
False
Is 4119881 prime?
False
Is 2146269 a prime number?
False
Is 517637 prime?
True
Is 1167053 composite?
False
Is 1821151 a prime number?
True
Is 2658997 a prime number?
False
Is 11100391 prime?
True
Is 14667457 composite?
True
Is 319871 composite?
True
Is 182302859 composite?
True
Is 50566853 prime?
True
Is 1676783 a composite number?
False
Is 211795921 a prime number?
True
Is 5200322 a prime number?
False
Is 12680686 a composite number?
True
Is 108163229 prime?
True
Is 2685073 a prime number?
True
Is 918457 prime?
False
Is 459593 composite?
False
Is 262450297 a composite number?
True
Is 8419751 composite?
False
Is 31151339 a composite number?
True
Is 6818761 composite?
True
Is 13108321 prime?
False
Is 1561337 a prime number?
True
Is 7884467 composite?
False
Is 84872971 a prime number?
False
Is 1692731 composite?
True
Is 32906801 a composite number?
True
Is 9630563 a prime number?
False
Is 885377 a prime number?
False
Is 1650541 a composite number?
True
Is 12819799 prime?
False
Is 90602173 a prime number?
False
Is 7550501 composite?
True
Is 2592631 prime?
True
Is 6773069 a composite number?
False
Is 37835471 composite?
False
Is 45533279 a prime number?
False
Is 1572271 a prime number?
True
Is 477187855 a prime number?
False
Is 870146817 composite?
True
Is 4879361 a prime number?
False
Is 47231455 a composite number?
True
Is 811684441 composite?
False
Is 82555733 a composite number?
True
Is 100750579 composite?
False
Is 2718629 a prime number?
True
Is 40723723 a composite number?
True
Is 6743533 a prime number?
True
Is 89717321 a composite number?
False
Is 116877041 composite?
False
Is 1535849 a prime number?
False
Is 452443 a composite number?
False
Is 44024963 a prime number?
False
Is 17239889 composite?
True
Is 19748603 composite?
True
Is 26621999 prime?
False
Is 5559205 prime?
False
Is 15714559 composite?
True
Is 448561 a composite number?
False
Is 1980089 a composite number?
False
Is 8737973 a composite number?
True
Is 80687999 a composite number?
True
Is 115150487 a composite number?
False
Is 193594879 composite?
False
Is 18099007 composite?
False
Is 19206389 a prime number?
True
Is 124292603 prime?
True
Is 48750809 a composite number?
False
Is 749093 a composite number?
False
Is 497719657 a prime number?
True
Is 7340449 a prime number?
False
Is 199853659 composite?
True
Is 11551343 composite?
False
Is 731431 prime?
False
Is 323445167 composite?
True
Is 62329391 prime?
False
Is 123522911 composite?
True
Is 6703381 a composite number?
False
Is 204781 a composite number?
False
Is 5270497 prime?
True
Is 446731 prime?
True
Is 4915399 composite?
True
Is 210616909 a prime number?
True
Is 2941417 a prime number?
False
Is 79458853 composite?
True
Is 1824332869 a composite number?
False
Is 1566511 a composite number?
True
Is 30440231 prime?
False
Is 1365709 a composite number?
False
Is 4429067 prime?
False
Is 8370073 composite?
True
Is 730011005 a composite number?
True
Is 3559279 composite?
False
Is 21004043 composite?
False
Is 2134859 a composite number?
True
Is 128749843 composite?
False
Is 2962549 prime?
True
Is 4920059 a composite number?
False
Is 55890281 prime?
False
Is 600569 a composite number?
False
Is 109141817 prime?
True
Is 327166903 prime?
False
Is 1735699 composite?
True
Is 2893999 a prime number?
False
Is 18041 a prime number?
True
Is 2999 prime?
True
Is 118121359 prime?
True
Is 34204189 a composite number?
False
Is 20934107 prime?
True
Is 49821677 composite?
False
Is 90213569 a prime number?
True
Is 163627873 a composite number?
True
Is 1041077 prime?
True
Is 4157035 a prime number?
False
Is 11624503 a composite number?
True
Is 6823 a prime number?
True
Is 8121991 a prime number?
Tr